63107 a prime number?
True
Is 75602434793 composite?
False
Is 2274442033 prime?
False
Is 262877843 prime?
True
Is 108091093147 a prime number?
True
Is 85324829 a prime number?
True
Is 37923922681 prime?
True
Is 9742821857 composite?
False
Is 2949580421 composite?
True
Is 9257890883 prime?
False
Is 3625796155 prime?
False
Is 1584038143 composite?
True
Is 1341781937 a composite number?
False
Is 155883197 prime?
True
Is 425355677 composite?
False
Is 117982489289 a composite number?
True
Is 7040339333 prime?
True
Is 174091358611 prime?
False
Is 25606508071 a composite number?
False
Is 7309788211 a composite number?
True
Is 70932750961 prime?
True
Is 227611451 prime?
False
Is 779034973 composite?
True
Is 21812103289 prime?
False
Is 100571011 a prime number?
True
Is 54228588789 a prime number?
False
Is 750990719 composite?
True
Is 138040600951 a composite number?
True
Is 23388653081 a prime number?
False
Is 75594133 prime?
True
Is 220575037 composite?
True
Is 7277045645 prime?
False
Is 20254357999 prime?
False
Is 1350651217 composite?
False
Is 186234405881 a prime number?
True
Is 11987548829 a composite number?
True
Is 699205357 a composite number?
False
Is 6955472222 composite?
True
Is 3100688503 a composite number?
True
Is 20564436441 prime?
False
Is 434952709 prime?
True
Is 6141081379 a composite number?
False
Is 6078547967 composite?
True
Is 4695096229 a composite number?
True
Is 11815269047 a composite number?
False
Is 1333462951 composite?
True
Is 32100285871 composite?
True
Is 190909241 prime?
True
Is 91997641 a prime number?
False
Is 96858618622 prime?
False
Is 21554674783 composite?
True
Is 788399501 a composite number?
False
Is 6153417329 prime?
False
Is 49825720231 a prime number?
False
Is 165705842821 a composite number?
True
Is 5694367157 a prime number?
True
Is 2657341087 prime?
False
Is 313423859 a prime number?
False
Is 2261144621 a composite number?
False
Is 178129542403 a prime number?
False
Is 1006609391 composite?
False
Is 191045763497 a prime number?
False
Is 89172096761 prime?
False
Is 37932701801 prime?
True
Is 853904353 composite?
False
Is 2078896279 a composite number?
True
Is 56886054769 composite?
True
Is 17083773611 prime?
False
Is 714744859 composite?
True
Is 201996689 prime?
True
Is 1128764003 composite?
False
Is 1598860073 a composite number?
False
Is 24014381579 a composite number?
False
Is 29368923799 composite?
False
Is 1479590449 a prime number?
True
Is 25933945839 composite?
True
Is 20508672739 a composite number?
False
Is 1278338209 composite?
False
Is 249073523 prime?
False
Is 169741037 a prime number?
True
Is 10027888829 a prime number?
False
Is 37579459141 composite?
True
Is 26870682277 prime?
False
Is 6928498147 a prime number?
True
Is 3938229041 composite?
False
Is 508993993 prime?
False
Is 194959664347 a composite number?
True
Is 1262370751 prime?
False
Is 2303835011 prime?
True
Is 217004689 composite?
True
Is 8453557633 prime?
False
Is 21638729401 prime?
True
Is 4121997037 composite?
True
Is 479120029 a prime number?
False
Is 743792762 prime?
False
Is 40840070791 a prime number?
False
Is 916763591 a prime number?
True
Is 1521251789 prime?
False
Is 3915005209 a composite number?
False
Is 66431798413 composite?
False
Is 18423625273 prime?
True
Is 2012670271 a composite number?
True
Is 15084799 a prime number?
True
Is 3135402229 a composite number?
True
Is 5469092698 composite?
True
Is 266802631 composite?
True
Is 2674563929 prime?
True
Is 29217260857 a prime number?
False
Is 1609374997 prime?
True
Is 52863378101 composite?
False
Is 7922196239 a composite number?
False
Is 1664285047 composite?
True
Is 23201175553 prime?
True
Is 1411674137 a composite number?
False
Is 88190510287 prime?
False
Is 57619684583 a prime number?
False
Is 169510493 composite?
True
Is 46646088793 prime?
True
Is 6849075209 prime?
False
Is 63487617653 a prime number?
True
Is 4709223583 a composite number?
False
Is 7026163097 composite?
False
Is 1642457923 a composite number?
False
Is 3739815679 a composite number?
True
Is 1148902207 a composite number?
True
Is 3039765013 prime?
True
Is 4337358037 composite?
True
Is 42327773309 prime?
False
Is 5663760139 composite?
True
Is 291400679 a prime number?
True
Is 9931976177 a prime number?
True
Is 26386486463 a composite number?
False
Is 27019707569 a composite number?
True
Is 481699511 a prime number?
False
Is 41080151789 a prime number?
False
Is 274205177 prime?
True
Is 1638224131 prime?
False
Is 11704352173 a composite number?
False
Is 8383687729 a composite number?
True
Is 42017416921 a prime number?
True
Is 2281767329 a composite number?
False
Is 371491919 a composite number?
False
Is 7799141657 a prime number?
True
Is 1556875783 a composite number?
False
Is 278414111 a prime number?
False
Is 11789939859 a prime number?
False
Is 195112061 a prime number?
True
Is 2945187797 a composite number?
True
Is 6106268699 a prime number?
True
Is 10391636491 prime?
False
Is 1827420349 composite?
True
Is 1561394539 a composite number?
True
Is 215521945 composite?
True
Is 17782647151 a prime number?
True
Is 201036746759 a composite number?
False
Is 3977451803 prime?
False
Is 330045299 a prime number?
True
Is 22164867883 a prime number?
False
Is 11855232143 a composite number?
False
Is 8426757527 a prime number?
False
Is 185977003 prime?
True
Is 7407723 a composite number?
True
Is 119585483 a composite number?
False
Is 58367471 a prime number?
True
Is 2119226189 a composite number?
False
Is 380600993 a composite number?
False
Is 324545303 a prime number?
False
Is 5669187613 prime?
False
Is 13050977201 composite?
False
Is 452994401 prime?
True
Is 35755957 prime?
False
Is 78892836091 prime?
True
Is 23909681351 composite?
False
Is 1430140903 a composite number?
False
Is 187669289 a prime number?
False
Is 4885344863 a composite number?
True
Is 2422375303 a prime number?
False
Is 325235969 prime?
False
Is 747953891 a prime number?
True
Is 17709007763 a prime number?
False
Is 1998690387 a prime number?
False
Is 49158353 a composite number?
False
Is 5587797661 a composite number?
False
Is 38112773633 composite?
True
Is 896411917 prime?
True
Is 7009571731 a prime number?
False
Is 765116923 composite?
True
Is 18195493727 prime?
True
Is 41754629351 composite?
False
Is 10924268161 composite?
False
Is 90122117 a prime number?
False
Is 9327373319 composite?
True
Is 140604615843 prime?
False
Is 46573210777 a prime number?
False
Is 386606339 a prime number?
False
Is 18607780469 a prime number?
True
Is 462817913 a composite number?
False
Is 60551251181 prime?
True
Is 1402255121 a composite number?
True
Is 109267095089 composite?
True
Is 638139023699 composite?
False
Is 254059823 a prime number?
True
Is 24430892839 a prime number?
True
Is 8004569723 a prime number?
True
Is 495990863 a prime number?
True
Is 45540919441 a prime number?
True
Is 94914607889 a prime number?
True
Is 90026261401 composite?
False
Is 19829208181 prime?
True
Is 181603642067 a prime number?
True
Is 32495877599 prime?
True
Is 454367285 a prime number?
False
Is 741853007 prime?
False
Is 692842009 prime?
False
Is 7661168089 composite?
True
Is 23805611191 prime?
True
Is 2274275771 composite?
False
Is 16037226047 composite?
False
Is 5720531051 a composite number?
True
Is 2362897538 a composite number?
True
Is 212609197 a composite number?
False
Is 1032525371 a prime number?
True
Is 2708181239 a prime number?
True
Is 10684296745 a prime number?
False
Is 1675610243 prime?
False
Is 21148368707 a composite number?
True
Is 7143093553 prime?
False
Is 4217166439 a prime number?
False
Is 14161387391 prime?
True
Is 4581917467 a prime number?
True
Is 50434920761 composite?
False
Is 2054467381 a composite number?
False
Is 172481147269 prime?
True
Is 4000248047 prime?
False
Is 14686882433 prime?
True
Is 26980835543 a composite number?
False
Is 968798647 a prime number?
False
Is 25508115469 composite?
True
Is 66277064101 prime?
True
Is 51187079 a composite number?
True
Is 41987684561 prime?
True
Is 60897974539 a composite number?
False
Is 530822482 composite?
True
Is 8738735249 composite?
False
Is 21263885531 composite?
True
Is 8731242545 composite?
True
Is 7912232099 prime?
True
Is 111469907 a composite number?
False
Is 7490181903 a composite number?
True
Is 1